 prime factors of 10510?
2, 5, 1051
What are the prime factors of 46990?
2, 5, 37, 127
What are the prime factors of 2644?
2, 661
What are the prime factors of 5469?
3, 1823
What are the prime factors of 5788?
2, 1447
List the prime factors of 5269.
11, 479
List the prime factors of 7320.
2, 3, 5, 61
List the prime factors of 1004.
2, 251
List the prime factors of 2719.
2719
List the prime factors of 30848.
2, 241
What are the prime factors of 288?
2, 3
What are the prime factors of 6187?
23, 269
What are the prime factors of 4132?
2, 1033
List the prime factors of 1002.
2, 3, 167
List the prime factors of 1326.
2, 3, 13, 17
List the prime factors of 79613.
79613
What are the prime factors of 27222?
2, 3, 13, 349
List the prime factors of 14598.
2, 3, 811
List the prime factors of 8326.
2, 23, 181
List the prime factors of 96991.
23, 4217
What are the prime factors of 109475?
5, 29, 151
What are the prime factors of 1279?
1279
List the prime factors of 540.
2, 3, 5
List the prime factors of 28727.
23, 1249
List the prime factors of 2772.
2, 3, 7, 11
List the prime factors of 19992.
2, 3, 7, 17
What are the prime factors of 23364?
2, 3, 11, 59
List the prime factors of 273.
3, 7, 13
List the prime factors of 11899.
73, 163
List the prime factors of 66495.
3, 5, 11, 13, 31
What are the prime factors of 7721?
7, 1103
List the prime factors of 18004.
2, 7, 643
List the prime factors of 49851.
3, 29, 191
What are the prime factors of 22?
2, 11
List the prime factors of 5887.
7, 29
List the prime factors of 7067.
37, 191
List the prime factors of 17525.
5, 701
What are the prime factors of 7191?
3, 17, 47
What are the prime factors of 611?
13, 47
What are the prime factors of 8336?
2, 521
What are the prime factors of 592?
2, 37
What are the prime factors of 7188?
2, 3, 599
List the prime factors of 3922.
2, 37, 53
What are the prime factors of 2940?
2, 3, 5, 7
What are the prime factors of 9798?
2, 3, 23, 71
What are the prime factors of 635?
5, 127
List the prime factors of 102787.
23, 41, 109
List the prime factors of 134050.
2, 5, 7, 383
List the prime factors of 1109.
1109
What are the prime factors of 3253?
3253
List the prime factors of 37258.
2, 13, 1433
List the prime factors of 2696.
2, 337
List the prime factors of 7130.
2, 5, 23, 31
What are the prime factors of 3780?
2, 3, 5, 7
List the prime factors of 1044.
2, 3, 29
What are the prime factors of 97240?
2, 5, 11, 13, 17
What are the prime factors of 29259?
3, 3251
List the prime factors of 45126.
2, 3, 23, 109
What are the prime factors of 111316?
2, 17, 1637
What are the prime factors of 427?
7, 61
What are the prime factors of 1610?
2, 5, 7, 23
What are the prime factors of 110460?
2, 3, 5, 7, 263
What are the prime factors of 2716?
2, 7, 97
List the prime factors of 10704.
2, 3, 223
What are the prime factors of 10567?
10567
List the prime factors of 1259.
1259
List the prime factors of 2534.
2, 7, 181
List the prime factors of 3364.
2, 29
List the prime factors of 20932.
2, 5233
What are the prime factors of 75221?
19, 37, 107
What are the prime factors of 85816?
2, 17, 631
List the prime factors of 75933.
3, 11, 13, 59
What are the prime factors of 416?
2, 13
What are the prime factors of 370?
2, 5, 37
What are the prime factors of 1640?
2, 5, 41
What are the prime factors of 26474?
2, 7, 31, 61
List the prime factors of 433.
433
What are the prime factors of 2441?
2441
What are the prime factors of 5660?
2, 5, 283
What are the prime factors of 5280?
2, 3, 5, 11
List the prime factors of 2450.
2, 5, 7
List the prime factors of 25802.
2, 7, 19, 97
What are the prime factors of 5160?
2, 3, 5, 43
What are the prime factors of 2830?
2, 5, 283
List the prime factors of 56565.
3, 5, 419
List the prime factors of 588.
2, 3, 7
List the prime factors of 13875.
3, 5, 37
List the prime factors of 54.
2, 3
What are the prime factors of 45710?
2, 5, 7, 653
What are the prime factors of 35625?
3, 5, 19
List the prime factors of 5097.
3, 1699
List the prime factors of 2162.
2, 23, 47
List the prime factors of 168.
2, 3, 7
List the prime factors of 59823.
3, 17, 23
What are the prime factors of 15714?
2, 3, 97
List the prime factors of 1137.
3, 379
List the prime factors of 16274.
2, 79, 103
List the prime factors of 4403.
7, 17, 37
List the prime factors of 525.
3, 5, 7
List the prime factors of 52094.
2, 7, 61
What are the prime factors of 32560?
2, 5, 11, 37
What are the prime factors of 11412?
2, 3, 317
What are the prime factors of 6410?
2, 5, 641
What are the prime factors of 11157?
3, 3719
List the prime factors of 507.
3, 13
What are the prime factors of 568?
2, 71
List the prime factors of 19140.
2, 3, 5, 11, 29
What are the prime factors of 439?
439
List the prime factors of 1425.
3, 5, 19
What are the prime factors of 1944?
2, 3
What are the prime factors of 3172?
2, 13, 61
What are the prime factors of 15659?
7, 2237
What are the prime factors of 647?
647
What are the prime factors of 9672?
2, 3, 13, 31
List the prime factors of 161.
7, 23
List the prime factors of 13226.
2, 17, 389
What are the prime factors of 1945?
5, 389
List the prime factors of 2552.
2, 11, 29
What are the prime factors of 84963?
3, 127, 223
What are the prime factors of 1031?
1031
List the prime factors of 4219.
4219
List the prime factors of 3331.
3331
List the prime factors of 20735.
5, 11, 13, 29
List the prime factors of 463.
463
What are the prime factors of 38811?
3, 17, 761
List the prime factors of 140361.
3, 13, 59, 61
List the prime factors of 7670.
2, 5, 13, 59
What are the prime factors of 6251?
7, 19, 47
What are the prime factors of 66531?
3, 67, 331
What are the prime factors of 270?
2, 3, 5
What are the prime factors of 81447?
3, 17, 1597
List the prime factors of 4381.
13, 337
What are the prime factors of 1716?
2, 3, 11, 13
List the prime factors of 217.
7, 31
What are the prime factors of 3348?
2, 3, 31
What are the prime factors of 1997?
1997
What are the prime factors of 55912?
2, 29, 241
What are the prime factors of 17586?
2, 3, 977
List the prime factors of 44864.
2, 701
What are the prime factors of 23794?
2, 11897
What are the prime factors of 839?
839
What are the prime factors of 3654?
2, 3, 7, 29
List the prime factors of 24569.
79, 311
What are the prime factors of 6258?
2, 3, 7, 149
List the prime factors of 787.
787
List the prime factors of 2245.
5, 449
What are the prime factors of 3998?
2, 1999
What are the prime factors of 367?
367
What are the prime factors of 862?
2, 431
List the prime factors of 5841.
3, 11, 59
What are the prime factors of 151127?
79, 1913
What are the prime factors of 6698?
2, 17, 197
List the prime factors of 11508.
2, 3, 7, 137
List the prime factors of 1132.
2, 283
What are the prime factors of 1613?
1613
What are the prime factors of 99193?
281, 353
List the prime factors of 9292.
2, 23, 101
What are the prime factors of 66384?
2, 3, 461
List the prime factors of 10986.
2, 3, 1831
List the prime factors of 8917.
37, 241
What are the prime factors of 24903?
3, 2767
List the prime factors of 3994.
2, 1997
List the prime factors of 1682.
2, 29
What are the prime factors of 5535?
3, 5, 41
What are the prime factors of 702?
2, 3, 13
List the prime factors of 9655.
5, 1931
What are the prime factors of 135382?
2, 13, 41, 127
List the prime factors of 1586.
2, 13, 61
List the prime factors of 441.
3, 7
What are the prime factors of 41?
41
What are the prime factors of 20103?
3, 6701
List the prime factors of 2340.
2, 3, 5, 13
What are the prime factors of 2308?
2, 577
List the prime factors of 3734.
2, 1867
List the prime factors of 1026.
2, 3, 19
What are the prime factors of 97044?
2, 3, 8087
List the prime factors of 69189.
3, 23063
What are the prime factors of 24380?
2, 5, 23, 53
What are the prime factors of 13131?
3, 1459
List the prime factors of 2322.
2, 3, 43
List the prime factors of 18301.
18301
List the prime factors of 36123.
3, 12041
What are the prime factors of 48266?
2, 24133
List the prime factors of 14546.
2, 7, 1039
What are the prime factors of 3870?
2, 3, 5, 43
What are the prime factors of 6344?
2, 13, 61
What are the prime factors of 5824?
2, 7, 13
List the prime factors of 20119.
11, 31, 59
What are the prime factors of 136606